se 0 = 3*r + 2*h - 13902 + 352, -5*r - h + 22595 = 0. List the prime factors of r.
2, 5, 113
Suppose 3*o = 5*o - 4*h + 22, 0 = 4*o - 5*h + 41. List the prime factors of -3 - (1389/(-3) + o/3).
463
Suppose -106*z = 204*z - 30*z - 4903920. What are the prime factors of z?
2, 3, 7, 139
List the prime factors of (9 + -10)*-2374 - (0 + -5).
3, 13, 61
Let q(o) = -o**2 + 11*o + 16. Let a be q(12). Let s be 1 + -1 - 28/(-1). Suppose a*l = 464 + s. What are the prime factors of l?
3, 41
Suppose -779*l - 1604607 = -836*l. List the prime factors of l.
28151
Suppose 14 = -20*x + 22*x. Suppose c = 12 - x. Suppose 188 = 2*s + 2*n, -s - 3*s + 378 = c*n. What are the prime factors of s?
2, 23
Suppose -60091 - 171908 = -17*i. What are the prime factors of i?
3, 4549
Suppose 3*w + 3*r - 79 = -w, w - 3*r = 1. Suppose 5*n - w = 9. Suppose -n*s = -b - 80, 4*b + 95 = 5*s + 6*b. What are the prime factors of s?
17
Let d = 38761 + -21717. List the prime factors of d.
2, 4261
Let g(q) = -15*q - 15 + 21*q - 46*q + 2*q**2. List the prime factors of g(26).
3, 11
Suppose 2 = -2*t, 5034 = 5*m - 5*t - 3926. What are the prime factors of m?
3, 199
Let g be 4/(-14) + 69/21 - 1. Suppose 5*v - 4*h - 5481 = 0, -3*v - g*v + 3*h + 5482 = 0. List the prime factors of v.
1097
Suppose 0 = -3*j - b - 5, 0 = -4*j - 4*b - 10 - 2. What are the prime factors of 394 + j + 5/5?
2, 197
Suppose 8*l + 10 = 9*l. Suppose 3*d - 3 = -v - l, -2*d - 2*v - 6 = 0. What are the prime factors of -1*(d + -18 - -3)?
17
Suppose 4*z = 4*f - 11612, -2*z + 131 - 5936 = -f. Let l = 4118 + z. List the prime factors of l.
2, 19
Suppose 106 = 19*u + 11. Let m(x) = 12*x**3 - 4*x**2 + 10*x - 49. List the prime factors of m(u).
3, 467
Suppose 70316 = 4*a + 4*s, -2*a - 283 = -4*s - 35471. What are the prime factors of (-4)/(-3) + a/42?
2, 3, 5, 7
Let t = 37871 + 1597. What are the prime factors of t?
2, 3, 11, 13, 23
Suppose -q - 663 = -4*c, 4*c + 5*q - 570 = 99. Let p = 338 - c. What are the prime factors of p?
2, 43
Let n(v) = 13553*v**2 - 671*v + 672. List the prime factors of n(1).
2, 3, 251
Let i be (8/(-14))/((-32)/1008). Suppose -a + 2337 = i*a. What are the prime factors of a?
3, 41
Suppose 0 = 21*p - 22*p - 4*v + 12836, -3*p + v + 38430 = 0. What are the prime factors of p?
2, 3203
Let u(c) = 3*c**3 - 4*c**2 + 11*c + 6. Let b be (-10)/15 - (3 - (-70)/(-6)). List the prime factors of u(b).
2, 3, 229
Let j(v) = 6*v**3 - 2*v**2 - 10*v + 8. Let r be j(6). Suppose 21*x = 17*x - r. Let k = x + 506. List the prime factors of k.
3, 71
Suppose 16*r = 26*r + 74*r - 423192. What are the prime factors of r?
2, 11, 229
Let s = -616 + 607. List the prime factors of s/2*(47 - -7)*-1.
3
Suppose 779800 = 169*i - 1580792. List the prime factors of i.
2, 3, 97
Let w(g) = 12*g**2 - 12*g - 95. List the prime factors of w(-11).
1489
Suppose -15 + 15 = -5*y. Suppose 5*j + 1220 = 5*r, 0*r - 5*r - 3*j + 1204 = y. List the prime factors of r.
2, 11
Let g be 7/((1 - -1)/6). Suppose -5*u = 267 - 567. Suppose -m + u = -g. List the prime factors of m.
3
Suppose 10*l = -7*l + 18*l. Suppose 181 = 2*s + r, l = -5*s - 5*r + 82 + 358. List the prime factors of s.
3, 31
Suppose -148*h = -138*h - 114750. List the prime factors of h.
3, 5, 17
Let t(x) = x**2 + 12*x + 12. Let h be t(-11). What are the prime factors of (353 - -4)*(6/(-9) + h)?
7, 17
Let n(s) = s**3 - 7*s**2 - 3*s - 44. Let q be n(8). List the prime factors of (-8150)/(-15) + 1/((-6)/q).
2, 17
Let j be 3 + 6*(-5)/(-1). Suppose 27 + j = 4*o. What are the prime factors of (5 - o)*1/(4/(-42))?
3, 5, 7
Let h = 16443 + -11418. List the prime factors of h.
3, 5, 67
Let h = -53635 + 90625. What are the prime factors of h?
2, 3, 5, 137
Let t be (5145/25)/(-7) + (-4)/(-10). Let p(x) be the first derivative of -x**3/3 - 18*x**2 + 57*x + 1. What are the prime factors of p(t)?
2, 5, 13
Suppose -4*r + 370 = 78. Let m be (1 + r)/(-7 + 8). Suppose 0 = 3*h - m - 175. List the prime factors of h.
83
Suppose 37 = -9*n - 26. Let p = -5 - n. Suppose 5*h + 26 = 2*v - 27, -28 = -v + p*h. What are the prime factors of v?
2, 17
Let w(d) = 8*d**3 + d + 3. Let y(k) = 17*k**3 + k**2 + k + 6. Let n(z) = -5*w(z) + 2*y(z). Let g be (-3)/(-6)*(-5 - -1). What are the prime factors of n(g)?
59
Suppose 3*y - 50 + 35 = 0. Suppose 4*a = y*b - 2466, -b + 5*a + 1490 = 2*b. List the prime factors of b.
2, 5, 7
Let b(x) = -10*x - 30. Let k be b(-3). Suppose -5*p - 5*a + 2570 = 0, k = -21*p + 26*p - 4*a - 2534. What are the prime factors of p?
2, 3, 5, 17
Let a(z) = -3573*z + 596. List the prime factors of a(-4).
2, 1861
Suppose 3*o - 1672 = -136. List the prime factors of o.
2
Suppose 5*s - 3*t = -8, 0 = -5*s + 4*t - 2*t - 12. What are the prime factors of -4 + (s - -2) - -1153?
31, 37
Let k(a) = a**2 - 7*a - 15. Let r be k(9). Suppose -4*t = -4*d + 196, 2*d - 58 = r*t + 44. List the prime factors of (468/d)/((-4)/(-30)).
2, 3, 13
Suppose 2*n + b + 106 = 438, -3*b = -5*n + 852. Suppose -2*i + n = 5*t - 990, 5*i + 4*t = 2861. What are the prime factors of i?
569
Suppose 0 = -i + 2*l - 3*l + 16097, 0 = -4*i + l + 64383. List the prime factors of i.
2, 503
Let h = 62 + 16. Let f be h - -3*(-1)/3. Suppose -9*p + f = -2*p. What are the prime factors of p?
11
List the prime factors of (2*3403)/((-200)/(-575)) - 3/12.
17, 1151
Suppose -47*p + 2*m + 22796 = -42*p, 0 = 4*p - 5*m - 18230. What are the prime factors of p?
2, 3, 5, 19
Suppose 479 = 5*y + n, 3*y + 4*n - 296 - 5 = 0. Suppose 3*s - 305 = -5*f, 0 = -3*s + 2*f + 435 - y. What are the prime factors of s?
2, 5, 11
Suppose 38*s + 87594 = 10*s + 302326. What are the prime factors of s?
7669
Suppose l - 721 = 4892. List the prime factors of l.
3, 1871
List the prime factors of (-11512 + -14)/((-20)/50).
3, 5, 17, 113
Suppose 4*n - 45277 = n + v, 0 = 8*n + 3*v - 120733. Suppose 81*z = 70*z + n. List the prime factors of z.
2, 7
Let c be (-11 - (4 + -13))*-3 + -50. Let t(r) = r**3 + r**2 + r - 69. Let y be t(0). Let s = c - y. What are the prime factors of s?
5
Let x(j) = -j**3 - 4*j**2 - 5*j - 10. Let l be x(-3). Let s be l/(-34) + (-174)/34. What are the prime factors of (s - -12)/(((-1)/1)/(-18))?
2, 3, 7
Suppose 4*b + 3349 - 80514 = 33419. List the prime factors of b.
2, 23, 601
Let b = -9 + 18. Suppose b*h - 4*h - 230 = 0. Let y = h + -25. What are the prime factors of y?
3, 7
Suppose 0 = -4*t - 4*u + 4552, u = -3 + 1. Suppose 20*d - 10*d - t = 0. What are the prime factors of d?
2, 3, 19
Let j = 27547 - -286. What are the prime factors of j?
13, 2141
Suppose -4*c + 392 = -2*h, 4*c + 5*h + 180 = 6*c. Let d(w) = 24*w**2 - 6. Let p be d(-2). Let u = p + c. What are the prime factors of u?
2, 5, 19
Let j be 6*(7 - (-20)/(-3)). Suppose j*r - 48 = -y + 94, 5*r = 5. List the prime factors of y.
2, 5, 7
Suppose 3*y - 3039 = -3*z, 8 = 2*y - 4*y. Let o = 53 + z. List the prime factors of o.
2, 5, 107
Let h(m) = 4*m**2 - 7*m + 13. Let z(y) = -2*y**2 + 3*y + 1. Let b be z(3). What are the prime factors of h(b)?
5, 13
What are the prime factors of 59/(-2)*(-477)/2 + 139/556?
2, 1759
Suppose -p - 10 = 2*g - 5*p, 0 = -5*p - 5. Let y(n) = n**3 + 15*n**2 - n + 3. Let d be y(g). Let b = -286 + d. What are the prime factors of b?
2, 29
Suppose 8*p + p = 35415. What are the prime factors of p?
5, 787
Let h be 9 - ((3 - 5) + 2). Let y be (-2)/h*-1 - (-22373)/(-117). Let v = y - -283. List the prime factors of v.
2, 23
Let s(u) = 2*u**3 + 144*u**2 - 242*u + 4. List the prime factors of s(-73).
2, 1753
Let s be 399*(-7 + 8) - -4. Let g = -253 + 573. Suppose g = 3*p - s. List the prime factors of p.
241
What are the prime factors of (-5 + 15090/(-4))*(64 - 66)?
5, 1511
Let j(x) = 4*x**3 - 5*x**2 + x - 3. Let r be -2 + (-4)/(-1) + -55. Let b = r - -57. List the prime factors of j(b).
3, 59
Suppose 20814 = 3*r - 5*h, -67*r - 20814 = -70*r - 2*h. List the prime factors of r.
2, 3469
Let o(k) = -2216*k + 564. What are the prime factors of o(-6)?
2, 3, 5, 7, 11
What are the prime factors of ((-30)/(-12)*(-24)/10)/(69/(-360686))?
2, 7841
Let g(l) = 33*l - 3. Let p be g(1). Suppose k + p = -2*x, 4*k - 56 = -0*x + 3*x. List the prime factors of (-2)/4*((-6)/(-3) + x).
7
Let x(t) = t**3 + 27*t**2 - 2*t - 53. Let d be x(-27). Let u(w) = 73*w - 14. List the prime factors of u(d).
59
Let u(b) = 2*b**2 